
What is the remainder when 492549 is divided by 302?
289
Calculate the remainder when 2558162 is divided by 201.
35
Calculate the remainder when 6373566 is divided by 1162.
1158
Calculate the remainder when 4327287 is divided by 1081816.
23
Calculate the remainder when 108933 is divided by 13602.
117
Calculate the remainder when 16487498 is divided by 4121870.
18
What is the remainder when 8431 is divided by 671?
379
Calculate the remainder when 204193 is divided by 555.
508
Calculate the remainder when 78976 is divided by 78586.
390
What is the remainder when 47907301 is divided by 7984547?
19
Calculate the remainder when 43019039 is divided by 76.
75
What is the remainder when 8357 is divided by 4100?
157
Calculate the remainder when 994883 is divided by 3262.
3235
Calculate the remainder when 24439750 is divided by 390.
10
What is the remainder when 10810815 is divided by 1801801?
9
What is the remainder when 422010 is divided by 1803?
108
Calculate the remainder when 6555629 is divided by 6523.
14
What is the remainder when 92003 is divided by 17957?
2218
Calculate the remainder when 11208330 is divided by 4220.
10
Calculate the remainder when 729112 is divided by 6077.
5949
What is the remainder when 683632 is divided by 341553?
526
Calculate the remainder when 115405 is divided by 113895.
1510
What is the remainder when 48845522 is divided by 106?
86
Calculate the remainder when 132089 is divided by 44.
1
Calculate the remainder when 6236296 is divided by 2179.
2177
Calculate the remainder when 92828 is divided by 956.
96
Calculate the remainder when 638300 is divided by 49100.
0
Calculate the remainder when 59581841 is divided by 1372.
1369
What is the remainder when 208452 is divided by 22?
2
What is the remainder when 162311 is divided by 81130?
51
Calculate the remainder when 233765 is divided by 4032.
3941
What is the remainder when 21133904 is divided by 187?
99
Calculate the remainder when 4570644 is divided by 4712.
4
Calculate the remainder when 43500 is divided by 21689.
122
What is the remainder when 80404792 is divided by 31?
30
What is the remainder when 4805722 is divided by 294?
292
Calculate the remainder when 360730 is divided by 128.
26
Calculate the remainder when 1034569 is divided by 344705.
454
Calculate the remainder when 2323500 is divided by 27.
15
Calculate the remainder when 99763 is divided by 9.
7
What is the remainder when 1082043 is divided by 111?
15
Calculate the remainder when 436985 is divided by 2751.
2327
Calculate the remainder when 9886252 is divided by 223.
216
What is the remainder when 2557280 is divided by 8787?
263
Calculate the remainder when 192358 is divided by 5495.
33
Calculate the remainder when 4541176 is divided by 504572.
28
Calculate the remainder when 2835446 is divided by 7705.
6
What is the remainder when 4942934 is divided by 1647633?
35
What is the remainder when 3253690 is divided by 102?
94
Calculate the remainder when 6611537 is divided by 274.
191
Calculate the remainder when 214582 is divided by 4289.
132
Calculate the remainder when 9999372 is divided by 23808.
12
Calculate the remainder when 472777 is divided by 78778.
109
Calculate the remainder when 725711 is divided by 1487.
55
Calculate the remainder when 21125 is divided by 20581.
544
Calculate the remainder when 30193 is divided by 183.
181
Calculate the remainder when 3124735 is divided by 4820.
1375
What is the remainder when 15592 is divided by 13744?
1848
What is the remainder when 65346584 is divided by 69?
65
Calculate the remainder when 13133 is divided by 4890.
3353
What is the remainder when 2236423 is divided by 6144?
7
What is the remainder when 8559115 is divided by 570?
565
What is the remainder when 8792285 is divided by 676329?
8
Calculate the remainder when 76001 is divided by 25112.
665
What is the remainder when 5929252 is divided by 114?
112
Calculate the remainder when 80385 is divided by 2009.
25
Calculate the remainder when 3104761 is divided by 6008.
4633
Calculate the remainder when 22767 is divided by 22200.
567
What is the remainder when 1089425 is divided by 1089414?
11
What is the remainder when 55039243 is divided by 591?
4
Calculate the remainder when 2493173 is divided by 498628.
33
Calculate the remainder when 14368090 is divided by 393.
10
Calculate the remainder when 6045985 is divided by 217.
148
Calculate the remainder when 11336 is divided by 962.
754
Calculate the remainder when 226410468 is divided by 3342.
3336
What is the remainder when 75542 is divided by 3289?
3184
Calculate the remainder when 4894794 is divided by 469.
310
Calculate the remainder when 4026737 is divided by 25648.
1
What is the remainder when 870592 is divided by 3568?
0
Calculate the remainder when 134167 is divided by 291.
16
What is the remainder when 5390284 is divided by 898377?
22
Calculate the remainder when 913834 is divided by 304600.
34
What is the remainder when 48874996 is divided by 17?
13
What is the remainder when 2696285 is divided by 539253?
20
What is the remainder when 818081 is divided by 2030?
2021
What is the remainder when 5630053 is divided by 51?
10
What is the remainder when 36825 is divided by 5193?
474
What is the remainder when 64744643 is divided by 703746?
11
What is the remainder when 390423 is divided by 799?
511
Calculate the remainder when 1383282 is divided by 21281.
17
Calculate the remainder when 10553971 is divided by 12187.
29
What is the remainder when 7707 is divided by 2785?
2137
Calculate the remainder when 79995783 is divided by 39.
36
What is the remainder when 312879 is divided by 1935?
1344
What is the remainder when 2253731 is divided by 17?
7
What is the remainder when 17801785 is divided by 17801774?
11
Calculate the remainder when 3963112 is divided by 1981552.
8
What is the remainder when 24468282 is divided by 547?
425
Calculate the remainder when 13331941 is divided by 1.
0
Calculate the remainder when 85761 is divided by 21416.
97
Calculate the remainder when 377059014 is divided by 12.
6
Calculate the remainder when 1166927 is divided by 583459.
9
What is the remainder when 2437647 is divided by 1799?
2
Calculate the remainder when 125108 is divided by 7578.
3860
What is the remainder when 454539 is divided by 151279?
702
What is the remainder when 40164039 is divided by 280?
279
What is the remainder when 10031011 is divided by 5015502?
7
Calculate the remainder when 18755304 is divided by 6251736.
96
What is the remainder when 2211961 is divided by 559?
557
Calculate the remainder when 1421492 is divided by 488.
436
What is the remainder when 819426 is divided by 91045?
21
Calculate the remainder when 15973109 is divided by 15.
14
Calculate the remainder when 3225893 is divided by 623.
622
What is the remainder when 16921308 is divided by 104?
92
What is the remainder when 114086288 is divided by 8775868?
4
Calculate the remainder when 27329 is divided by 1325.
829
What is the remainder when 895642 is divided by 19470?
22
What is the remainder when 7930229 is divided by 15?
14
Calculate the remainder when 152515436 is divided by 770.
766
What is the remainder when 103620 is divided by 902?
792
What is the remainder when 1066775 is divided by 1865?
1860
Calculate the remainder when 161366 is divided by 208.
166
Calculate the remainder when 5461360 is divided by 45.
25
Calculate the remainder when 19826037 is divided by 27.
18
What is the remainder when 293166206 is divided by 4703?
4701
What is the remainder when 7769965 is divided by 34?
13
Calculate the remainder when 2934840 is divided by 20.
0
Calculate the remainder when 6130 is divided by 1348.
738
What is the remainder when 14698133 is divided by 33?
32
Calculate the remainder when 583593 is divided by 4210.
2613
What is the remainder when 392063 is divided by 392018?
45
What is the remainder when 5026641 is divided by 214?
209
Calculate the remainder when 1958989 is divided by 2632.
781
Calculate the remainder when 85911 is divided by 396.
375
What is the remainder when 122053 is divided by 2624?
1349
Calculate the remainder when 610269 is divided by 8603.
8059
What is the remainder when 1335568 is divided by 97?
72
What is the remainder when 31560 is divided by 15252?
1056
Calculate the